{"id":197,"date":"2015-03-13T18:06:45","date_gmt":"2015-03-13T17:06:45","guid":{"rendered":"http:\/\/felimanero.es\/?page_id=197"},"modified":"2015-04-03T21:00:51","modified_gmt":"2015-04-03T19:00:51","slug":"fet-de-llibres","status":"publish","type":"page","link":"http:\/\/felimanero.es\/?page_id=197","title":{"rendered":"De libros"},"content":{"rendered":"<p><img loading=\"lazy\" decoding=\"async\" data-attachment-id=\"188\" data-permalink=\"http:\/\/felimanero.es\/?attachment_id=188\" data-orig-file=\"http:\/\/felimanero.es\/wp-content\/uploads\/fet-de-llibres.jpg\" data-orig-size=\"647,909\" data-comments-opened=\"0\" data-image-meta=\"{&quot;aperture&quot;:&quot;2.4&quot;,&quot;credit&quot;:&quot;&quot;,&quot;camera&quot;:&quot;LG-P710&quot;,&quot;caption&quot;:&quot;&quot;,&quot;created_timestamp&quot;:&quot;1424257991&quot;,&quot;copyright&quot;:&quot;&quot;,&quot;focal_length&quot;:&quot;3.2&quot;,&quot;iso&quot;:&quot;600&quot;,&quot;shutter_speed&quot;:&quot;0.04&quot;,&quot;title&quot;:&quot;&quot;,&quot;orientation&quot;:&quot;1&quot;}\" data-image-title=\"fet de llibres\" data-image-description=\"\" data-image-caption=\"\" data-large-file=\"http:\/\/felimanero.es\/wp-content\/uploads\/fet-de-llibres.jpg\" class=\"aligncenter size-medium wp-image-188\" src=\"http:\/\/felimanero.es\/wp-content\/uploads\/fet-de-llibres-214x300.jpg\" alt=\"fet de llibres\" width=\"214\" height=\"300\" srcset=\"http:\/\/felimanero.es\/wp-content\/uploads\/fet-de-llibres-214x300.jpg 214w, http:\/\/felimanero.es\/wp-content\/uploads\/fet-de-llibres.jpg 647w\" sizes=\"auto, (max-width: 214px) 100vw, 214px\" \/><\/p>\n<p>&nbsp;<\/p>\n<p style=\"text-align: center;\"><strong>Fet de llibres (De libros)<\/strong><\/p>\n<p style=\"text-align: center;\">Exposici\u00f3n \/ instalaci\u00f3n (en colaboraci\u00f3n con <a href=\"http:\/\/www.gretelbroyn.es\/Broyn_Art\/Inici.html\">Gretel Broyn<\/a>)<\/p>\n<p style=\"text-align: center;\">Biblioteca Argentina Dr. Juan \u00c1lvarez. Municipalidad de Rosario, Argentina, del 4 de julio al 3 de agosto de 2013.<\/p>\n<p>\u00bfQu\u00e9 hacemos con los libros antiguos, muy usados, best-sellers, que envejecen con el paso del tiempo y que ya nadie lee? \u00bfQu\u00e9 podemos hacer con los libros que nos emocionan y que no podemos ni queremos destruir?<\/p>\n<p>La propuesta es HACER cosas con esos libros, transformarlos. \u00a1Seguir disfrutando de ellos! Como artistas y creadoras, Feli Manero y Gretel Broyn construyen obras utilizando libros como material transformable, como materia prima a partir de la cual crear algo nuevo. Fabrican con libros. Hacen objetos con otros objetos ya hechos. A partir de sus producciones individuales y tambi\u00e9n conjuntas, quieren descontextualizar el objeto libro y tambi\u00e9n \u2018desacralizarlo\u2019.<\/p>\n<p>\u00abHacemos del objeto libro la materia prima y el soporte de nuestras creaciones. No somos escritoras, la lengua tambi\u00e9n es imagen.\u00bb<\/p>\n<p style=\"text-align: center;\"><strong>&#8212;&#8212;&#8212;&#8212;&#8212;&#8212;&#8212;&#8212;&#8212;&#8212;&#8212;&#8212;&#8212;&#8212;&#8212;<\/strong><\/p>\n<p style=\"text-align: center;\"><strong>Fet de llibres<\/strong><\/p>\n<p style=\"text-align: center;\">Exposici\u00f3 \/ instal\u00b7laci\u00f3 (en col\u00b7laboraci\u00f3 amb <a href=\"http:\/\/www.gretelbroyn.es\/Broyn_Art\/Inici.html\">Gretel Broyn<\/a>)<\/p>\n<p style=\"text-align: center;\">Biblioteca Argentina Dr. Juan \u00c1lvarez. Municipalitat de Rosario, Argentina, del 4 de juliol al 3 d\u2019agost de 2013.<\/p>\n<p>&nbsp;<\/p>\n<p>Qu\u00e8 fem amb els llibres antics, molt usats, best-sellers, que envelleixen amb el pas del temps i que ja no llegeix ning\u00fa? Qu\u00e8 podem fer amb els llibres que ens emocionen i que no podem ni volem destruir?<\/p>\n<p>La proposta \u00e9s FER coses amb aquests llibres, transformar-los. Continuar gaudint-ne! Com a artistes y creadores, Feli Manero i Gretel Broyn construeixen obres fent servir llibres com material transformable, com mat\u00e8ria primera a partir de la qual crear alguna cosa nova. Fabriquen amb llibres. Fan objectes amb altres objectes ja fets. A partir de les seves produccions individuals i tamb\u00e9 conjuntes, volen descontextualitzar l\u2019objecte llibre i tamb\u00e9 \u2018dessacralitzar-lo\u2019.<\/p>\n<p>\u00abFem de l\u2019objecte llibre la mat\u00e8ria primera i el suport de les nostres creacions. No som escriptores, la llengua tamb\u00e9 \u00e9s imatge.\u00bb<\/p>\n<p style=\"text-align: center;\"><strong>&#8212;&#8212;&#8212;&#8212;&#8212;&#8212;&#8212;&#8212;&#8212;&#8212;&#8212;&#8212;&#8212;&#8212;&#8212;<\/strong><\/p>\n<p style=\"text-align: center;\"><strong>Fet de llibres (Made From Books)<\/strong><\/p>\n<p style=\"text-align: center;\">Exhibition \/ installation (in collaboration with <a href=\"http:\/\/www.gretelbroyn.es\/Broyn_Art\/Inici.html\">Gretel Broyn<\/a>)<\/p>\n<p style=\"text-align: center;\">Biblioteca Argentina Dr. Juan \u00c1lvarez. Municipalidad de Rosario, Argentina, 4th July to 3rd August 2013.<\/p>\n<p>&nbsp;<\/p>\n<p>What can we do with old books, worn books, those best-sellers that have grown old with the passing of time, and that nobody reads anymore? What can we do with those books that thrilled us and we do not want to and cannot destroy?<\/p>\n<p>The proposal is to MAKE things from those books, transform them,\u00a0keep on enjoying them! As artists and creators, Feli Manero and Gretel Broyn use\u00a0books as a convertible material, as the raw material from which to create something new. They produce \u2018from\u2019 books. They make objects out of already made objects. Both with their individual and collective works, they want to decontextualize the book object, and also to desacralize it.<\/p>\n<p>\u201cOut of the book object we obtain raw material and support for our creations. We are not writers, language is also image.\u201d<\/p>\n<p>&nbsp;<\/p>\n<p><img loading=\"lazy\" decoding=\"async\" data-attachment-id=\"242\" data-permalink=\"http:\/\/felimanero.es\/?attachment_id=242\" data-orig-file=\"http:\/\/felimanero.es\/wp-content\/uploads\/fet-de-llibres-2.jpg\" data-orig-size=\"559,405\" data-comments-opened=\"0\" data-image-meta=\"{&quot;aperture&quot;:&quot;2.8&quot;,&quot;credit&quot;:&quot;&quot;,&quot;camera&quot;:&quot;Canon DIGITAL IXUS 65&quot;,&quot;caption&quot;:&quot;&quot;,&quot;created_timestamp&quot;:&quot;1372867931&quot;,&quot;copyright&quot;:&quot;&quot;,&quot;focal_length&quot;:&quot;5.8&quot;,&quot;iso&quot;:&quot;0&quot;,&quot;shutter_speed&quot;:&quot;0.016666666666667&quot;,&quot;title&quot;:&quot;&quot;,&quot;orientation&quot;:&quot;1&quot;}\" data-image-title=\"fet de llibres 2\" data-image-description=\"\" data-image-caption=\"\" data-large-file=\"http:\/\/felimanero.es\/wp-content\/uploads\/fet-de-llibres-2.jpg\" class=\"aligncenter wp-image-242 size-full\" src=\"http:\/\/felimanero.es\/wp-content\/uploads\/fet-de-llibres-2.jpg\" alt=\"fet de llibres 2\" width=\"559\" height=\"405\" srcset=\"http:\/\/felimanero.es\/wp-content\/uploads\/fet-de-llibres-2.jpg 559w, http:\/\/felimanero.es\/wp-content\/uploads\/fet-de-llibres-2-300x217.jpg 300w\" sizes=\"auto, (max-width: 559px) 100vw, 559px\" \/><\/p>\n","protected":false},"excerpt":{"rendered":"<p>&nbsp; Fet de llibres (De libros) Exposici\u00f3n \/ instalaci\u00f3n (en colaboraci\u00f3n con Gretel Broyn) Biblioteca Argentina Dr. Juan \u00c1lvarez. Municipalidad de Rosario, Argentina, del 4 de julio al 3 de agosto de 2013. \u00bfQu\u00e9 hacemos con los libros antiguos, muy usados, best-sellers, que envejecen con el paso del tiempo y que ya nadie lee? \u00bfQu\u00e9 [&hellip;]<\/p>\n","protected":false},"author":2,"featured_media":0,"parent":96,"menu_order":14,"comment_status":"closed","ping_status":"closed","template":"","meta":{"footnotes":""},"class_list":["post-197","page","type-page","status-publish","hentry"],"jetpack_sharing_enabled":true,"jetpack_shortlink":"https:\/\/wp.me\/P5KM0S-3b","_links":{"self":[{"href":"http:\/\/felimanero.es\/index.php?rest_route=\/wp\/v2\/pages\/197","targetHints":{"allow":["GET"]}}],"collection":[{"href":"http:\/\/felimanero.es\/index.php?rest_route=\/wp\/v2\/pages"}],"about":[{"href":"http:\/\/felimanero.es\/index.php?rest_route=\/wp\/v2\/types\/page"}],"author":[{"embeddable":true,"href":"http:\/\/felimanero.es\/index.php?rest_route=\/wp\/v2\/users\/2"}],"replies":[{"embeddable":true,"href":"http:\/\/felimanero.es\/index.php?rest_route=%2Fwp%2Fv2%2Fcomments&post=197"}],"version-history":[{"count":10,"href":"http:\/\/felimanero.es\/index.php?rest_route=\/wp\/v2\/pages\/197\/revisions"}],"predecessor-version":[{"id":243,"href":"http:\/\/felimanero.es\/index.php?rest_route=\/wp\/v2\/pages\/197\/revisions\/243"}],"up":[{"embeddable":true,"href":"http:\/\/felimanero.es\/index.php?rest_route=\/wp\/v2\/pages\/96"}],"wp:attachment":[{"href":"http:\/\/felimanero.es\/index.php?rest_route=%2Fwp%2Fv2%2Fmedia&parent=197"}],"curies":[{"name":"wp","href":"https:\/\/api.w.org\/{rel}","templated":true}]}}

<p><img loading="lazy" decoding="async" data-attachment-id="188" data-permalink="http://felimanero.es/?attachment_id=188" data-orig-file="http://felimanero.es/wp-content/uploads/fet-de-llibres.jpg" data-orig-size="647,909" data-comments-opened="0" data-image-meta="{&quot;aperture&quot;:&quot;2.4&quot;,&quot;credit&quot;:&quot;&quot;,&quot;camera&quot;:&quot;LG-P710&quot;,&quot;caption&quot;:&quot;&quot;,&quot;created_timestamp&quot;:&quot;1424257991&quot;,&quot;copyright&quot;:&quot;&quot;,&quot;focal_length&quot;:&quot;3.2&quot;,&quot;iso&quot;:&quot;600&quot;,&quot;shutter_speed&quot;:&quot;0.04&quot;,&quot;title&quot;:&quot;&quot;,&quot;orientation&quot;:&quot;1&quot;}" data-image-title="fet de llibres" data-image-description="" data-image-caption="" data-large-file="http://felimanero.es/wp-content/uploads/fet-de-llibres.jpg" class="aligncenter size-medium wp-image-188" src="http://felimanero.es/wp-content/uploads/fet-de-llibres-214x300.jpg" alt="fet de llibres" width="214" height="300" srcset="http://felimanero.es/wp-content/uploads/fet-de-llibres-214x300.jpg 214w, http://felimanero.es/wp-content/uploads/fet-de-llibres.jpg 647w" sizes="auto, (max-width: 214px) 100vw, 214px" /></p>
<p>&nbsp;</p>
<p style="text-align: center;"><strong>Fet de llibres (De libros)</strong></p>
<p style="text-align: center;">Exposición / instalación (en colaboración con <a href="http://www.gretelbroyn.es/Broyn_Art/Inici.html">Gretel Broyn</a>)</p>
<p style="text-align: center;">Biblioteca Argentina Dr. Juan Álvarez. Municipalidad de Rosario, Argentina, del 4 de julio al 3 de agosto de 2013.</p>
<p>¿Qué hacemos con los libros antiguos, muy usados, best-sellers, que envejecen con el paso del tiempo y que ya nadie lee? ¿Qué podemos hacer con los libros que nos emocionan y que no podemos ni queremos destruir?</p>
<p>La propuesta es HACER cosas con esos libros, transformarlos. ¡Seguir disfrutando de ellos! Como artistas y creadoras, Feli Manero y Gretel Broyn construyen obras utilizando libros como material transformable, como materia prima a partir de la cual crear algo nuevo. Fabrican con libros. Hacen objetos con otros objetos ya hechos. A partir de sus producciones individuales y también conjuntas, quieren descontextualizar el objeto libro y también ‘desacralizarlo’.</p>
<p>«Hacemos del objeto libro la materia prima y el soporte de nuestras creaciones. No somos escritoras, la lengua también es imagen.»</p>
<p style="text-align: center;"><strong>&#8212;&#8212;&#8212;&#8212;&#8212;&#8212;&#8212;&#8212;&#8212;&#8212;&#8212;&#8212;&#8212;&#8212;&#8212;</strong></p>
<p style="text-align: center;"><strong>Fet de llibres</strong></p>
<p style="text-align: center;">Exposició / instal·lació (en col·laboració amb <a href="http://www.gretelbroyn.es/Broyn_Art/Inici.html">Gretel Broyn</a>)</p>
<p style="text-align: center;">Biblioteca Argentina Dr. Juan Álvarez. Municipalitat de Rosario, Argentina, del 4 de juliol al 3 d’agost de 2013.</p>
<p>&nbsp;</p>
<p>Què fem amb els llibres antics, molt usats, best-sellers, que envelleixen amb el pas del temps i que ja no llegeix ningú? Què podem fer amb els llibres que ens emocionen i que no podem ni volem destruir?</p>
<p>La proposta és FER coses amb aquests llibres, transformar-los. Continuar gaudint-ne! Com a artistes y creadores, Feli Manero i Gretel Broyn construeixen obres fent servir llibres com material transformable, com matèria primera a partir de la qual crear alguna cosa nova. Fabriquen amb llibres. Fan objectes amb altres objectes ja fets. A partir de les seves produccions individuals i també conjuntes, volen descontextualitzar l’objecte llibre i també ‘dessacralitzar-lo’.</p>
<p>«Fem de l’objecte llibre la matèria primera i el suport de les nostres creacions. No som escriptores, la llengua també és imatge.»</p>
<p style="text-align: center;"><strong>&#8212;&#8212;&#8212;&#8212;&#8212;&#8212;&#8212;&#8212;&#8212;&#8212;&#8212;&#8212;&#8212;&#8212;&#8212;</strong></p>
<p style="text-align: center;"><strong>Fet de llibres (Made From Books)</strong></p>
<p style="text-align: center;">Exhibition / installation (in collaboration with <a href="http://www.gretelbroyn.es/Broyn_Art/Inici.html">Gretel Broyn</a>)</p>
<p style="text-align: center;">Biblioteca Argentina Dr. Juan Álvarez. Municipalidad de Rosario, Argentina, 4th July to 3rd August 2013.</p>
<p>&nbsp;</p>
<p>What can we do with old books, worn books, those best-sellers that have grown old with the passing of time, and that nobody reads anymore? What can we do with those books that thrilled us and we do not want to and cannot destroy?</p>
<p>The proposal is to MAKE things from those books, transform them, keep on enjoying them! As artists and creators, Feli Manero and Gretel Broyn use books as a convertible material, as the raw material from which to create something new. They produce ‘from’ books. They make objects out of already made objects. Both with their individual and collective works, they want to decontextualize the book object, and also to desacralize it.</p>
<p>“Out of the book object we obtain raw material and support for our creations. We are not writers, language is also image.”</p>
<p>&nbsp;</p>
<p><img loading="lazy" decoding="async" data-attachment-id="242" data-permalink="http://felimanero.es/?attachment_id=242" data-orig-file="http://felimanero.es/wp-content/uploads/fet-de-llibres-2.jpg" data-orig-size="559,405" data-comments-opened="0" data-image-meta="{&quot;aperture&quot;:&quot;2.8&quot;,&quot;credit&quot;:&quot;&quot;,&quot;camera&quot;:&quot;Canon DIGITAL IXUS 65&quot;,&quot;caption&quot;:&quot;&quot;,&quot;created_timestamp&quot;:&quot;1372867931&quot;,&quot;copyright&quot;:&quot;&quot;,&quot;focal_length&quot;:&quot;5.8&quot;,&quot;iso&quot;:&quot;0&quot;,&quot;shutter_speed&quot;:&quot;0.016666666666667&quot;,&quot;title&quot;:&quot;&quot;,&quot;orientation&quot;:&quot;1&quot;}" data-image-title="fet de llibres 2" data-image-description="" data-image-caption="" data-large-file="http://felimanero.es/wp-content/uploads/fet-de-llibres-2.jpg" class="aligncenter wp-image-242 size-full" src="http://felimanero.es/wp-content/uploads/fet-de-llibres-2.jpg" alt="fet de llibres 2" width="559" height="405" srcset="http://felimanero.es/wp-content/uploads/fet-de-llibres-2.jpg 559w, http://felimanero.es/wp-content/uploads/fet-de-llibres-2-300x217.jpg 300w" sizes="auto, (max-width: 559px) 100vw, 559px" /></p>

<p>&nbsp; Fet de llibres (De libros) Exposición / instalación (en colaboración con Gretel Broyn) Biblioteca Argentina Dr. Juan Álvarez. Municipalidad de Rosario, Argentina, del 4 de julio al 3 de agosto de 2013. ¿Qué hacemos con los libros antiguos, muy usados, best-sellers, que envejecen con el paso del tiempo y que ya nadie lee? ¿Qué [&hellip;]</p>
