{"id":207,"date":"2015-03-13T18:18:07","date_gmt":"2015-03-13T17:18:07","guid":{"rendered":"http:\/\/felimanero.es\/?page_id=207"},"modified":"2015-04-03T20:51:34","modified_gmt":"2015-04-03T18:51:34","slug":"pintar-en-isla-mauricio","status":"publish","type":"page","link":"http:\/\/felimanero.es\/?page_id=207","title":{"rendered":"Isla Mauricio"},"content":{"rendered":"<p><img loading=\"lazy\" decoding=\"async\" data-attachment-id=\"206\" data-permalink=\"http:\/\/felimanero.es\/?attachment_id=206\" data-orig-file=\"http:\/\/felimanero.es\/wp-content\/uploads\/mau3.jpg\" data-orig-size=\"640,480\" data-comments-opened=\"0\" data-image-meta=\"{&quot;aperture&quot;:&quot;2.8&quot;,&quot;credit&quot;:&quot;&quot;,&quot;camera&quot;:&quot;Canon DIGITAL IXUS 65&quot;,&quot;caption&quot;:&quot;&quot;,&quot;created_timestamp&quot;:&quot;1379427369&quot;,&quot;copyright&quot;:&quot;&quot;,&quot;focal_length&quot;:&quot;5.8&quot;,&quot;iso&quot;:&quot;0&quot;,&quot;shutter_speed&quot;:&quot;0.0125&quot;,&quot;title&quot;:&quot;&quot;,&quot;orientation&quot;:&quot;0&quot;}\" data-image-title=\"\" data-image-description=\"\" data-image-caption=\"\" data-large-file=\"http:\/\/felimanero.es\/wp-content\/uploads\/mau3.jpg\" class=\"aligncenter size-medium wp-image-206\" src=\"http:\/\/felimanero.es\/wp-content\/uploads\/mau3-300x225.jpg\" alt=\"\" width=\"300\" height=\"225\" srcset=\"http:\/\/felimanero.es\/wp-content\/uploads\/mau3-300x225.jpg 300w, http:\/\/felimanero.es\/wp-content\/uploads\/mau3.jpg 640w\" sizes=\"auto, (max-width: 300px) 100vw, 300px\" \/><\/p>\n<p>&nbsp;<\/p>\n<p style=\"text-align: center;\"><strong>Pintar en Isla Mauricio<\/strong><\/p>\n<p>A trav\u00e9s de la poes\u00eda de Robert Edward Hart recitada en formato <em>slam,<\/em> un grupo de pintores de Barcelona emprendi\u00f3 un viaje a Isla Mauricio en 2013 para descubrir y captar nuevas luces y colores en un entorno po\u00e9tico y musical, genuino. En Isla Mauricio encontraron la fusi\u00f3n cultural de tres continentes.<\/p>\n<p>Feli Manero participa tambi\u00e9n en la exposici\u00f3n posterior al proyecto\u00a0(2014), cuyo motivo es el de compartir la experiencia y las vivencias de cada uno de los miembros del grupo, que quedan reflejadas en las obras expuestas. El documental que acompa\u00f1a la exposici\u00f3n, <em>Pintar,<\/em> realizado por Julie Desvaux de Marigny, permite ver la evoluci\u00f3n del proceso creativo.<\/p>\n<p style=\"text-align: center;\"><strong>&#8212;&#8212;&#8212;&#8212;&#8212;&#8212;&#8212;&#8212;&#8212;&#8212;&#8212;&#8212;&#8212;&#8212;&#8212;<\/strong><\/p>\n<p style=\"text-align: center;\"><strong>Pintar a l\u2019Illa Maurici<\/strong><\/p>\n<p>A trav\u00e9s de la poesia de Robert Edward Hart recitada en format <em>slam,<\/em> un grup de pintors de Barcelona emprengueren un viatge a l\u2019Illa Maurici el 2013 per descobrir i captar noves llums i colors en un entorn po\u00e8tic i musical, genu\u00ed. A l\u2019Illa Maurici trobaren la fusi\u00f3 cultural de tres continents.<\/p>\n<p>Feli Manero participa tamb\u00e9 en la exposici\u00f3 posterior al projecte\u00a0(2014), el motiu de la qual \u00e9s compartir l\u2019experi\u00e8ncia i les viv\u00e8ncies de cadascun dels membres del grup, que queden reflectides en les obres exposades. El documental que acompanya l\u2019exposici\u00f3, <em>Pintar,<\/em> realitzat per la Julie Desvaux de Marigny, permet veure l\u2019evoluci\u00f3 del proc\u00e9s creatiu.<\/p>\n<p style=\"text-align: center;\"><strong>&#8212;&#8212;&#8212;&#8212;&#8212;&#8212;&#8212;&#8212;&#8212;&#8212;&#8212;&#8212;&#8212;&#8212;&#8212;<\/strong><\/p>\n<p style=\"text-align: center;\"><strong>Painting in Mauritius<\/strong><\/p>\n<p>Through the poems of Robert Edward Hart recited in a <em>slam<\/em> format, a group of Barcelona based painters embarked on a journey to Mauritius in 2013 to discover and capture new lights and colors in a poetic and musical environment, genuine. In Mauritius they found a cultural fusion of three continents.<\/p>\n<p>Feli Manero participates too in the exhibition subsequent to the project\u00a0(2014), the motive of which is to share the experiences of each one of the group members, which are all well reflected in the works exhibited. The documentary film that complements the exhibition, <em>Pintar,<\/em> signed by Julie Desvaux de Marigny, allows us to see the evolution of the creative process.<\/p>\n<p>&nbsp;<\/p>\n<p><img loading=\"lazy\" decoding=\"async\" data-attachment-id=\"230\" data-permalink=\"http:\/\/felimanero.es\/?attachment_id=230\" data-orig-file=\"http:\/\/felimanero.es\/wp-content\/uploads\/Mauricio-2.jpg\" data-orig-size=\"640,287\" data-comments-opened=\"0\" data-image-meta=\"{&quot;aperture&quot;:&quot;2.2&quot;,&quot;credit&quot;:&quot;&quot;,&quot;camera&quot;:&quot;DSC-F828&quot;,&quot;caption&quot;:&quot;&quot;,&quot;created_timestamp&quot;:&quot;1428066850&quot;,&quot;copyright&quot;:&quot;&quot;,&quot;focal_length&quot;:&quot;11.2&quot;,&quot;iso&quot;:&quot;64&quot;,&quot;shutter_speed&quot;:&quot;0.016666666666667&quot;,&quot;title&quot;:&quot;&quot;,&quot;orientation&quot;:&quot;0&quot;}\" data-image-title=\"Mauricio 2\" data-image-description=\"\" data-image-caption=\"\" data-large-file=\"http:\/\/felimanero.es\/wp-content\/uploads\/Mauricio-2.jpg\" class=\"aligncenter wp-image-230 size-full\" src=\"http:\/\/felimanero.es\/wp-content\/uploads\/Mauricio-2.jpg\" alt=\"Mauricio 2\" width=\"640\" height=\"287\" srcset=\"http:\/\/felimanero.es\/wp-content\/uploads\/Mauricio-2.jpg 640w, http:\/\/felimanero.es\/wp-content\/uploads\/Mauricio-2-300x135.jpg 300w\" sizes=\"auto, (max-width: 640px) 100vw, 640px\" \/><\/p>\n<p>&nbsp;<\/p>\n<p><img loading=\"lazy\" decoding=\"async\" data-attachment-id=\"231\" data-permalink=\"http:\/\/felimanero.es\/?attachment_id=231\" data-orig-file=\"http:\/\/felimanero.es\/wp-content\/uploads\/Mauricio-detalle.jpg\" data-orig-size=\"640,480\" data-comments-opened=\"0\" data-image-meta=\"{&quot;aperture&quot;:&quot;3.5&quot;,&quot;credit&quot;:&quot;&quot;,&quot;camera&quot;:&quot;Canon IXUS 130&quot;,&quot;caption&quot;:&quot;&quot;,&quot;created_timestamp&quot;:&quot;1428064356&quot;,&quot;copyright&quot;:&quot;&quot;,&quot;focal_length&quot;:&quot;7.388&quot;,&quot;iso&quot;:&quot;100&quot;,&quot;shutter_speed&quot;:&quot;0.025&quot;,&quot;title&quot;:&quot;&quot;,&quot;orientation&quot;:&quot;0&quot;}\" data-image-title=\"Mauricio detalle\" data-image-description=\"\" data-image-caption=\"\" data-large-file=\"http:\/\/felimanero.es\/wp-content\/uploads\/Mauricio-detalle.jpg\" class=\" size-medium wp-image-231 aligncenter\" src=\"http:\/\/felimanero.es\/wp-content\/uploads\/Mauricio-detalle-300x225.jpg\" alt=\"Mauricio detalle\" width=\"300\" height=\"225\" srcset=\"http:\/\/felimanero.es\/wp-content\/uploads\/Mauricio-detalle-300x225.jpg 300w, http:\/\/felimanero.es\/wp-content\/uploads\/Mauricio-detalle.jpg 640w\" sizes=\"auto, (max-width: 300px) 100vw, 300px\" \/><\/p>\n","protected":false},"excerpt":{"rendered":"<p>&nbsp; Pintar en Isla Mauricio A trav\u00e9s de la poes\u00eda de Robert Edward Hart recitada en formato slam, un grupo de pintores de Barcelona emprendi\u00f3 un viaje a Isla Mauricio en 2013 para descubrir y captar nuevas luces y colores en un entorno po\u00e9tico y musical, genuino. En Isla Mauricio encontraron la fusi\u00f3n cultural de [&hellip;]<\/p>\n","protected":false},"author":2,"featured_media":0,"parent":96,"menu_order":13,"comment_status":"closed","ping_status":"closed","template":"","meta":{"footnotes":""},"class_list":["post-207","page","type-page","status-publish","hentry"],"jetpack_sharing_enabled":true,"jetpack_shortlink":"https:\/\/wp.me\/P5KM0S-3l","_links":{"self":[{"href":"http:\/\/felimanero.es\/index.php?rest_route=\/wp\/v2\/pages\/207","targetHints":{"allow":["GET"]}}],"collection":[{"href":"http:\/\/felimanero.es\/index.php?rest_route=\/wp\/v2\/pages"}],"about":[{"href":"http:\/\/felimanero.es\/index.php?rest_route=\/wp\/v2\/types\/page"}],"author":[{"embeddable":true,"href":"http:\/\/felimanero.es\/index.php?rest_route=\/wp\/v2\/users\/2"}],"replies":[{"embeddable":true,"href":"http:\/\/felimanero.es\/index.php?rest_route=%2Fwp%2Fv2%2Fcomments&post=207"}],"version-history":[{"count":8,"href":"http:\/\/felimanero.es\/index.php?rest_route=\/wp\/v2\/pages\/207\/revisions"}],"predecessor-version":[{"id":241,"href":"http:\/\/felimanero.es\/index.php?rest_route=\/wp\/v2\/pages\/207\/revisions\/241"}],"up":[{"embeddable":true,"href":"http:\/\/felimanero.es\/index.php?rest_route=\/wp\/v2\/pages\/96"}],"wp:attachment":[{"href":"http:\/\/felimanero.es\/index.php?rest_route=%2Fwp%2Fv2%2Fmedia&parent=207"}],"curies":[{"name":"wp","href":"https:\/\/api.w.org\/{rel}","templated":true}]}}

<p><img loading="lazy" decoding="async" data-attachment-id="206" data-permalink="http://felimanero.es/?attachment_id=206" data-orig-file="http://felimanero.es/wp-content/uploads/mau3.jpg" data-orig-size="640,480" data-comments-opened="0" data-image-meta="{&quot;aperture&quot;:&quot;2.8&quot;,&quot;credit&quot;:&quot;&quot;,&quot;camera&quot;:&quot;Canon DIGITAL IXUS 65&quot;,&quot;caption&quot;:&quot;&quot;,&quot;created_timestamp&quot;:&quot;1379427369&quot;,&quot;copyright&quot;:&quot;&quot;,&quot;focal_length&quot;:&quot;5.8&quot;,&quot;iso&quot;:&quot;0&quot;,&quot;shutter_speed&quot;:&quot;0.0125&quot;,&quot;title&quot;:&quot;&quot;,&quot;orientation&quot;:&quot;0&quot;}" data-image-title="" data-image-description="" data-image-caption="" data-large-file="http://felimanero.es/wp-content/uploads/mau3.jpg" class="aligncenter size-medium wp-image-206" src="http://felimanero.es/wp-content/uploads/mau3-300x225.jpg" alt="" width="300" height="225" srcset="http://felimanero.es/wp-content/uploads/mau3-300x225.jpg 300w, http://felimanero.es/wp-content/uploads/mau3.jpg 640w" sizes="auto, (max-width: 300px) 100vw, 300px" /></p>
<p>&nbsp;</p>
<p style="text-align: center;"><strong>Pintar en Isla Mauricio</strong></p>
<p>A través de la poesía de Robert Edward Hart recitada en formato <em>slam,</em> un grupo de pintores de Barcelona emprendió un viaje a Isla Mauricio en 2013 para descubrir y captar nuevas luces y colores en un entorno poético y musical, genuino. En Isla Mauricio encontraron la fusión cultural de tres continentes.</p>
<p>Feli Manero participa también en la exposición posterior al proyecto (2014), cuyo motivo es el de compartir la experiencia y las vivencias de cada uno de los miembros del grupo, que quedan reflejadas en las obras expuestas. El documental que acompaña la exposición, <em>Pintar,</em> realizado por Julie Desvaux de Marigny, permite ver la evolución del proceso creativo.</p>
<p style="text-align: center;"><strong>&#8212;&#8212;&#8212;&#8212;&#8212;&#8212;&#8212;&#8212;&#8212;&#8212;&#8212;&#8212;&#8212;&#8212;&#8212;</strong></p>
<p style="text-align: center;"><strong>Pintar a l’Illa Maurici</strong></p>
<p>A través de la poesia de Robert Edward Hart recitada en format <em>slam,</em> un grup de pintors de Barcelona emprengueren un viatge a l’Illa Maurici el 2013 per descobrir i captar noves llums i colors en un entorn poètic i musical, genuí. A l’Illa Maurici trobaren la fusió cultural de tres continents.</p>
<p>Feli Manero participa també en la exposició posterior al projecte (2014), el motiu de la qual és compartir l’experiència i les vivències de cadascun dels membres del grup, que queden reflectides en les obres exposades. El documental que acompanya l’exposició, <em>Pintar,</em> realitzat per la Julie Desvaux de Marigny, permet veure l’evolució del procés creatiu.</p>
<p style="text-align: center;"><strong>&#8212;&#8212;&#8212;&#8212;&#8212;&#8212;&#8212;&#8212;&#8212;&#8212;&#8212;&#8212;&#8212;&#8212;&#8212;</strong></p>
<p style="text-align: center;"><strong>Painting in Mauritius</strong></p>
<p>Through the poems of Robert Edward Hart recited in a <em>slam</em> format, a group of Barcelona based painters embarked on a journey to Mauritius in 2013 to discover and capture new lights and colors in a poetic and musical environment, genuine. In Mauritius they found a cultural fusion of three continents.</p>
<p>Feli Manero participates too in the exhibition subsequent to the project (2014), the motive of which is to share the experiences of each one of the group members, which are all well reflected in the works exhibited. The documentary film that complements the exhibition, <em>Pintar,</em> signed by Julie Desvaux de Marigny, allows us to see the evolution of the creative process.</p>
<p>&nbsp;</p>
<p><img loading="lazy" decoding="async" data-attachment-id="230" data-permalink="http://felimanero.es/?attachment_id=230" data-orig-file="http://felimanero.es/wp-content/uploads/Mauricio-2.jpg" data-orig-size="640,287" data-comments-opened="0" data-image-meta="{&quot;aperture&quot;:&quot;2.2&quot;,&quot;credit&quot;:&quot;&quot;,&quot;camera&quot;:&quot;DSC-F828&quot;,&quot;caption&quot;:&quot;&quot;,&quot;created_timestamp&quot;:&quot;1428066850&quot;,&quot;copyright&quot;:&quot;&quot;,&quot;focal_length&quot;:&quot;11.2&quot;,&quot;iso&quot;:&quot;64&quot;,&quot;shutter_speed&quot;:&quot;0.016666666666667&quot;,&quot;title&quot;:&quot;&quot;,&quot;orientation&quot;:&quot;0&quot;}" data-image-title="Mauricio 2" data-image-description="" data-image-caption="" data-large-file="http://felimanero.es/wp-content/uploads/Mauricio-2.jpg" class="aligncenter wp-image-230 size-full" src="http://felimanero.es/wp-content/uploads/Mauricio-2.jpg" alt="Mauricio 2" width="640" height="287" srcset="http://felimanero.es/wp-content/uploads/Mauricio-2.jpg 640w, http://felimanero.es/wp-content/uploads/Mauricio-2-300x135.jpg 300w" sizes="auto, (max-width: 640px) 100vw, 640px" /></p>
<p>&nbsp;</p>
<p><img loading="lazy" decoding="async" data-attachment-id="231" data-permalink="http://felimanero.es/?attachment_id=231" data-orig-file="http://felimanero.es/wp-content/uploads/Mauricio-detalle.jpg" data-orig-size="640,480" data-comments-opened="0" data-image-meta="{&quot;aperture&quot;:&quot;3.5&quot;,&quot;credit&quot;:&quot;&quot;,&quot;camera&quot;:&quot;Canon IXUS 130&quot;,&quot;caption&quot;:&quot;&quot;,&quot;created_timestamp&quot;:&quot;1428064356&quot;,&quot;copyright&quot;:&quot;&quot;,&quot;focal_length&quot;:&quot;7.388&quot;,&quot;iso&quot;:&quot;100&quot;,&quot;shutter_speed&quot;:&quot;0.025&quot;,&quot;title&quot;:&quot;&quot;,&quot;orientation&quot;:&quot;0&quot;}" data-image-title="Mauricio detalle" data-image-description="" data-image-caption="" data-large-file="http://felimanero.es/wp-content/uploads/Mauricio-detalle.jpg" class=" size-medium wp-image-231 aligncenter" src="http://felimanero.es/wp-content/uploads/Mauricio-detalle-300x225.jpg" alt="Mauricio detalle" width="300" height="225" srcset="http://felimanero.es/wp-content/uploads/Mauricio-detalle-300x225.jpg 300w, http://felimanero.es/wp-content/uploads/Mauricio-detalle.jpg 640w" sizes="auto, (max-width: 300px) 100vw, 300px" /></p>

<p>&nbsp; Pintar en Isla Mauricio A través de la poesía de Robert Edward Hart recitada en formato slam, un grupo de pintores de Barcelona emprendió un viaje a Isla Mauricio en 2013 para descubrir y captar nuevas luces y colores en un entorno poético y musical, genuino. En Isla Mauricio encontraron la fusión cultural de [&hellip;]</p>
